undreds digit of u?
2
Suppose 115 = 3*v - 5*w - 100, -5*v - 5*w + 425 = 0. What is the tens digit of v?
8
Suppose -o + 35 = -6*o. Let b = o - -14. What is the units digit of b?
7
Suppose -4*u - 1395 = -9*u. What is the hundreds digit of u?
2
Let w = 4 - 6. Suppose 2*d - 5*o - 153 = 0, 201 = 2*d + d + 2*o. What is the units digit of w/(-6) + d/9?
8
Let p = -81 - -116. What is the units digit of p?
5
Suppose 27 = -p - 5*m, 2*p + 2*m + 22 = -0*m. Let z = 4 - 3. What is the units digit of (z - (-57)/(-21))*p?
2
Let u be (12/20)/((-1)/(-5)). Suppose -u = -c - 0. What is the units digit of c?
3
Let r = -138 + 61. Let q = r + 109. What is the units digit of q?
2
Suppose 28 = 2*t - 4*t. Let b = t + 32. What is the units digit of b?
8
Let a = 53 + -79. What is the units digit of -1*(a - -1) + -1?
4
Let s(z) = -z**3 - z + 43. What is the units digit of s(0)?
3
Suppose 4*n = 354 - 122. What is the tens digit of n?
5
Let g(q) = -q**3 - 9*q**2 + 9*q - 8. Let a be g(-10). Let b = a - 0. Suppose -2*o - b*k + 8 = -o, -4*k = 12. What is the tens digit of o?
1
Suppose -5*v = y + 58, -4*v + 4*y - 25 = 7. Let n(j) = -j - 5. What is the units digit of n(v)?
6
What is the tens digit of (-8)/20 - (-1071)/15?
7
Suppose 0 = 5*t - 7 - 8. Let d be (t + 1)/(-1 - 0). What is the units digit of -1 - (-2 - -1) - d?
4
Suppose -2*n - 2*t = 10, -4*n - t - 20 = -4*t. Let a = n - -17. What is the tens digit of a?
1
Let m(z) = 3*z**2 - 2*z + 1. Let o be m(1). Let b be (-4)/o*(-2 + 3). What is the units digit of 1/((2/(-3))/b)?
3
Let q(u) = u**2 + 2*u + 3. Let f be q(-2). Suppose s + 4 = f*s. Let h = 10 - s. What is the units digit of h?
8
Let f(d) = d + 20. What is the tens digit of f(10)?
3
Suppose 0 = -8*f + 10*f - 4. What is the units digit of f?
2
Suppose 6*b + 14 = -2*h + 2*b, 19 = 3*h - 2*b. What is the units digit of h?
3
Suppose -20*i + 23*i - 246 = 0. What is the units digit of i?
2
Let y(m) = -11*m - 16. Let q be y(-9). Suppose 0 = 4*s - 5*w - q, 3*w - 34 = -s + 8. What is the units digit of s?
7
Let z be -1 + -1*(-2)/2. Suppose -3*k + 5*t - 6 = z, 0*k - 2*k = 3*t + 4. What is the units digit of (-3)/6 - 5/k?
2
Suppose 0*s - 2*s + 6 = 0. Let n(m) = s + 0 + 2*m + 3*m - 2. What is the units digit of n(1)?
6
What is the tens digit of ((-938)/56)/(1/(-4))?
6
Let c(p) = p**3 + 6*p**2 + 4*p + 7. Suppose -13 = 3*i - 1. What is the tens digit of c(i)?
2
Suppose 0 = -5*w - n - 53, -4*w + 9*n - 54 = 4*n. Let j = w - -19. What is the units digit of j?
8
Let h be (-64)/(-10) - (-12)/(-30). Let c = -8 + h. Let f(m) = m**2 - m. What is the units digit of f(c)?
6
Suppose -3*m - w = -235, -m + 85 = -4*w + w. What is the tens digit of m?
7
Let t be 1 - 3 - (-5 - 1). Let o(r) = r - 1. What is the units digit of o(t)?
3
Suppose -3*m + 292 = -5*d - 43, -3*m - d = -329. What is the units digit of m?
0
Suppose 4*p + 2*c = -10, -4*p + c = -2*c - 15. Let h be (3 - 3)/(1 - p). Suppose h = -5*b + r + 53, 2*r = -3*b + 4*b - 7. What is the units digit of b?
1
Suppose -5*q + 138 = -72. Suppose -78 = -4*w + q. What is the units digit of w?
0
Let h(o) = o**2 - 9*o - 14. What is the tens digit of h(-6)?
7
Suppose 3*t + 5 = -1. Let y = t - -7. What is the units digit of y?
5
Let t(f) = f + 1. Let l be t(1). Suppose 2*p + l*p = 60. Suppose 0 = 5*v - 0*v - p. What is the units digit of v?
3
Suppose -5*q = 2*a - 109, -3*a + 136 = -q + 3*q. What is the units digit of a?
2
Suppose 4*v - 2*b = 26, -3*v = -b - 6 - 12. Let i = -18 - -28. Let c = i - v. What is the units digit of c?
5
Let t(x) = -x**3 - 16*x**2 + 4*x - 25. What is the tens digit of t(-17)?
9
Let z = -16 - -18. Suppose -z*l - l + 75 = 3*r, 4*l = 20. What is the tens digit of r?
2
Let f be (12/(-14))/((-3)/21). Let o(w) = 0 + 1 + 1 - w - f. What is the units digit of o(-5)?
1
Let m(f) = 23*f - 5. What is the tens digit of m(3)?
6
Suppose 3*c = -3*s + 51, 2*c - 3*s + 3 - 57 = 0. What is the units digit of c?
1
Let h = 1 + 1. Suppose h*c = 17 - 1. What is the units digit of c?
8
Suppose -2*d + 3*x - 13 = 0, 3*d - 7*d + 3*x - 11 = 0. Let w be -12*(d/(-3))/1. What is the units digit of w + -4 - 2*-2?
4
Let p(t) = -t**3 + 2*t - 1. Suppose 0 = -5*a - 2*r - 8, 0 = a - 5*r + 3 + 4. What is the units digit of p(a)?
3
Suppose -1 = -2*s + 7. Suppose 66 = s*l + 2. What is the units digit of l?
6
Let y(p) = -3*p - 9. What is the units digit of y(-6)?
9
Suppose -4*h - 5880 = -r, -2*h - 2189 = -r + 753. What is the tens digit of (-1)/(-2) - h/26?
5
Let w be 4/(-6)*9/(-2). Let q(x) = x**2 - 2*x + 1. Let m be q(w). Suppose -2*s = -0*s - 4, -m*c - 5*s + 18 = 0. What is the units digit of c?
2
Let q = 18 - 11. Suppose -4*u - q + 99 = 0. What is the tens digit of u?
2
Suppose -127 - 89 = p. Let q be 2/(-4)*p/6. Let o = q - 2. What is the tens digit of o?
1
Suppose 21*n = 26*n - 1360. What is the tens digit of n?
7
Let r(y) = 2*y - 3. Let t(q) = 3*q - 4. Let m(j) = -4*r(j) + 3*t(j). Let p(k) = -3*k - 1. Let x(d) = -6*m(d) - 3*p(d). What is the units digit of x(4)?
5
Let v = -111 + 156. Suppose 0 = -3*s - 5*z - 12 + v, -3*z = 2*s - 22. What is the tens digit of s?
1
Let y(s) = -s**2 + 18*s + 15. What is the tens digit of y(9)?
9
Let m be (-4)/(-14) - 12/(-7). Suppose 4*b - 4*p - m - 2 = 0, -3*b + 3 = -p. What is the units digit of b?
1
Let f(y) = -y**3 - 12*y**2 - 11*y + 15. What is the units digit of f(-11)?
5
Suppose 4*g = z - 38, -96 = -2*z + 5*g - 32. What is the tens digit of z?
2
Let p = -139 + 268. What is the units digit of p?
9
Suppose -k = k + 282. Let l = k - -251. Suppose 2*t - l = -5*o, -3*o + 2*t - t + 55 = 0. What is the tens digit of o?
2
What is the units digit of (-1 - (-148)/12)*6?
8
Suppose -6*u = -2*u - 12. Suppose r = 5*y + 37, u*y - 26 = -2*r + 9. What is the tens digit of r?
2
Let n(f) = -f**3 - f**2 - f + 17. Let u be n(0). Suppose 4*w - 7 = u. Suppose -5*v = x - 57, v - 2*x + w*x = 0. What is the tens digit of v?
1
Let b(y) be the third derivative of y**4/12 - y**3/6 + 2*y**2. Let x be (-23)/(-5) - (-6)/15. What is the units digit of b(x)?
9
Suppose 130 = 2*w + 36. What is the tens digit of w?
4
Let m(c) = c**2 - 3*c - 3. Suppose 2*v - 4 - 2 = 0. Let l be m(v). Let x = l - -8. What is the units digit of x?
5
Let n(r) = -r**2 + 7*r + 7. Let b be n(8). Let q(m) = -m**2 - 2*m. What is the units digit of q(b)?
1
Let b(x) = x**3 + 3*x**2 - 5*x - 4. Let y be b(-4). Suppose 3*p = -4*g + 15, -4*p - 5 = -3*g - 0*g. Let q = g - y. What is the units digit of q?
3
Suppose 5*j = -4*c - 26, j - 14 = 4*c - 0*j. Suppose 5*z - 25 = -q, 2*z + 3*q = -1 - 2. Let o = z + c. What is the units digit of o?
2
Suppose 0 = -3*o - o - 12, -25 = -2*d - 5*o. Suppose -3*z = 5*s - 2*z - 172, s = -5*z + d. Suppose s = 5*k + 5. What is the units digit of k?
6
Let t = 15 + -11. Let c(n) = 3*n**3 + 9*n**2 + 17*n - 2. Let u(h) = h**3 + 4*h**2 + 8*h - 1. Let v(z) = 2*c(z) - 5*u(z). What is the units digit of v(t)?
9
What is the hundreds digit of (108*14/(-35))/((-1)/5)?
2
Let a be (362/4)/(2/(-12)). Let x be a/(-15) - 1/5. What is the units digit of x/6*1/3?
2
Let i = -11 - -8. Let k be (-3)/(i/(-2)) + 7. What is the units digit of 21/12*(k - 1)?
7
Let g(z) = -z**2 - 5*z + 4. Let q(f) = f**2 + 4*f - 4. Let h(u) = 3*g(u) + 4*q(u). Let r be h(-3). Suppose -7*o + r*o + 10 = 0. What is the units digit of o?
2
Suppose -14 = 3*j - 5, -2*m + 4*j = -70. What is the tens digit of m?
2
Suppose -4*o + 0*o + 3*a + 34 = 0, 5*a + 30 = 4*o. What is the units digit of o?
0
Suppose -5*r = 5*n - 15 - 5, -4*r + 32 = -4*n. Let i = 9 - r. What is the units digit of i?
3
Let q be (92/(-10))/((-4)/(-20)). What is the tens digit of q/(-3) - 3/9?
1
Let t = -6 - -9. Let b = t + -4. Let h = 2 - b. What is the units digit of h?
3
Let v = 62 - 41. Suppose 4*n + 0*n = m - v, n = 2. What is the tens digit of m?
2
Let o(y) = 4*y + y - 4*y. Let x(w) = -w**2 + 7*w - 5. Let n be x(4). What is the units digit of o(n)?
7
Let q be 15/2*2/3. Let z(u) be the first derivative of 3*u**2/2 - 7*u - 2. What is the units digit of z(q)?
8
Suppose -8 = -3*q + 1. Suppose 4*j = 3*o - 27, -2*o - q*j + 27 = o. Suppose 5*l + 4*b + o - 30 = 0, 2*l - b = 11. What is the units digit of l?
5
Suppose 0 = -9*x + 559 + 638. What is the hundreds digit of x?
1
Let o(d) = -d**3 - 9*d**2 - 4*d - 2. Let s be o(-5). Let w be s/(-8) - (-9)/